{"id":85,"date":"2021-02-04T12:08:23","date_gmt":"2021-02-04T10:08:23","guid":{"rendered":"http:\/\/abonovivo.com\/?page_id=85"},"modified":"2026-05-11T11:31:02","modified_gmt":"2026-05-11T09:31:02","slug":"productos","status":"publish","type":"page","link":"https:\/\/abonovivo.com\/index.php\/productos\/","title":{"rendered":"Productos"},"content":{"rendered":"\n<p>Con una concentraci\u00f3n en macronutrientes esenciales de <strong>3,3% en Nitr\u00f3geno<\/strong>, <strong>2,3% en F\u00f3sforo<\/strong>, <strong>3,5% en Potasio<\/strong>, <strong>3% en C\u00e1lcio<\/strong> y <strong>1,15% en Magnesio<\/strong>, aplicando el compost&nbsp;<strong>Abono Vivo&nbsp;\u00ae<\/strong>,&nbsp;podemos reducir el aporte de fertilizantes qu\u00edmicos de un <strong>15% a un 20%&nbsp;<\/strong>en suelos medios a equilibrados, unido al aporte de un&nbsp;<strong>70% de materia org\u00e1nica&nbsp;<\/strong>y un <strong>15% de Humus<\/strong>.<\/p>\n\n\n\n<div class=\"wp-block-columns is-layout-flex wp-container-core-columns-is-layout-9d6595d7 wp-block-columns-is-layout-flex\">\n<div class=\"wp-block-column is-layout-flow wp-block-column-is-layout-flow\" style=\"flex-basis:100%\">\n<div class=\"wp-block-columns is-layout-flex wp-container-core-columns-is-layout-9d6595d7 wp-block-columns-is-layout-flex\">\n<div class=\"wp-block-column is-layout-flow wp-block-column-is-layout-flow\">\n<figure class=\"wp-block-image size-full\"><img loading=\"lazy\" decoding=\"async\" width=\"250\" height=\"250\" src=\"https:\/\/abonovivo.com\/wp-content\/uploads\/2022\/02\/saco-50L.jpg\" alt=\"\" class=\"wp-image-161\" srcset=\"https:\/\/abonovivo.com\/wp-content\/uploads\/2022\/02\/saco-50L.jpg 250w, https:\/\/abonovivo.com\/wp-content\/uploads\/2022\/02\/saco-50L-150x150.jpg 150w\" sizes=\"auto, (max-width: 250px) 100vw, 250px\" \/><figcaption class=\"wp-element-caption\">    <strong>Saco Compost 50L (23 kg)<\/strong><\/figcaption><\/figure>\n<\/div>\n\n\n\n<div class=\"wp-block-column is-layout-flow wp-block-column-is-layout-flow\">\n<figure class=\"wp-block-image size-full\"><img loading=\"lazy\" decoding=\"async\" width=\"250\" height=\"250\" src=\"https:\/\/abonovivo.com\/wp-content\/uploads\/2022\/02\/saco-20L.jpg\" alt=\"\" class=\"wp-image-164\" srcset=\"https:\/\/abonovivo.com\/wp-content\/uploads\/2022\/02\/saco-20L.jpg 250w, https:\/\/abonovivo.com\/wp-content\/uploads\/2022\/02\/saco-20L-150x150.jpg 150w\" sizes=\"auto, (max-width: 250px) 100vw, 250px\" \/><figcaption class=\"wp-element-caption\">   <strong> Saco Compost 20L (9,2 kg)<\/strong><\/figcaption><\/figure>\n<\/div>\n\n\n\n<div class=\"wp-block-column is-layout-flow wp-block-column-is-layout-flow\">\n<figure class=\"wp-block-image size-full\"><img loading=\"lazy\" decoding=\"async\" width=\"250\" height=\"250\" src=\"https:\/\/abonovivo.com\/wp-content\/uploads\/2022\/02\/saco-10L.jpg\" alt=\"\" class=\"wp-image-163\" srcset=\"https:\/\/abonovivo.com\/wp-content\/uploads\/2022\/02\/saco-10L.jpg 250w, https:\/\/abonovivo.com\/wp-content\/uploads\/2022\/02\/saco-10L-150x150.jpg 150w\" sizes=\"auto, (max-width: 250px) 100vw, 250px\" \/><figcaption class=\"wp-element-caption\">     <strong>Saco Compost 10L (4,6 kg)<\/strong><\/figcaption><\/figure>\n<\/div>\n<\/div>\n\n\n\n<div class=\"wp-block-columns is-layout-flex wp-container-core-columns-is-layout-9d6595d7 wp-block-columns-is-layout-flex\">\n<div class=\"wp-block-column is-layout-flow wp-block-column-is-layout-flow\">\n<figure class=\"wp-block-gallery has-nested-images columns-default is-cropped wp-block-gallery-1 is-layout-flex wp-block-gallery-is-layout-flex\">\n<figure class=\"wp-block-image size-large\"><img loading=\"lazy\" decoding=\"async\" width=\"211\" height=\"314\" data-id=\"280\" src=\"https:\/\/abonovivo.com\/wp-content\/uploads\/2026\/05\/bigbag.jpg\" alt=\"\" class=\"wp-image-280\" srcset=\"https:\/\/abonovivo.com\/wp-content\/uploads\/2026\/05\/bigbag.jpg 211w, https:\/\/abonovivo.com\/wp-content\/uploads\/2026\/05\/bigbag-202x300.jpg 202w, https:\/\/abonovivo.com\/wp-content\/uploads\/2026\/05\/bigbag-101x150.jpg 101w\" sizes=\"auto, (max-width: 211px) 100vw, 211px\" \/><figcaption class=\"wp-element-caption\"><strong>BigBag 1000, 700 \u00f3 500 Kgs<\/strong><\/figcaption><\/figure>\n\n\n\n<figure class=\"wp-block-image size-large\"><img loading=\"lazy\" decoding=\"async\" width=\"750\" height=\"562\" data-id=\"279\" src=\"https:\/\/abonovivo.com\/wp-content\/uploads\/2026\/05\/Compost-para-la-agricultura-jardineria-SOLICITE-INFORMACION-SIN-COMPROMISO-en-Vidanes-Leon2.jpg\" alt=\"\" class=\"wp-image-279\" srcset=\"https:\/\/abonovivo.com\/wp-content\/uploads\/2026\/05\/Compost-para-la-agricultura-jardineria-SOLICITE-INFORMACION-SIN-COMPROMISO-en-Vidanes-Leon2.jpg 750w, https:\/\/abonovivo.com\/wp-content\/uploads\/2026\/05\/Compost-para-la-agricultura-jardineria-SOLICITE-INFORMACION-SIN-COMPROMISO-en-Vidanes-Leon2-300x225.jpg 300w, https:\/\/abonovivo.com\/wp-content\/uploads\/2026\/05\/Compost-para-la-agricultura-jardineria-SOLICITE-INFORMACION-SIN-COMPROMISO-en-Vidanes-Leon2-150x112.jpg 150w\" sizes=\"auto, (max-width: 750px) 100vw, 750px\" \/><figcaption class=\"wp-element-caption\"><strong>Compost a granel para agricultores profesionales<\/strong><\/figcaption><\/figure>\n<\/figure>\n<\/div>\n<\/div>\n<\/div>\n<\/div>\n\n\n\n<p><\/p>\n\n\n\n<p>El compost <strong>Abono Vivo \u00ae<\/strong> se presenta en los siquientes formatos:<\/p>\n\n\n\n<ul class=\"wp-block-list\">\n<li><strong>Compost a granel<\/strong>. Pensado para cultivos extensivos: Vi\u00f1edo, cereal, olivo, frutales, remolacha, colza, pratenses, ma\u00edz, patata, hort\u00edcolas al aire libre. Se presenta en diferentes granulometr\u00edas. Nuestros centros distribuidores disponen de maquinar\u00eda espec\u00edfica para su aplicaci\u00f3n en campo.<\/li>\n\n\n\n<li><strong>Big bags de 500, 700 o 1000 Kg<\/strong>. Facilita la aplicaci\u00f3n en peque\u00f1as explotaciones: Vi\u00f1edo, cultivos arb\u00f3reos o cultivos hort\u00edcolas.<\/li>\n\n\n\n<li><strong>Sacos de 10, 20 y 50 litros<\/strong>. Horticultura, cultivos arb\u00f3reos, jardiner\u00eda y paisaj\u00edsmo. Es un formato pensado para facilitar el abonado de peque\u00f1os huertos, frutales, vi\u00f1edo, implantaci\u00f3n de c\u00e9sped, parterres, macizos florales, cerramientos, rocallas. Es eficaz como recebo y supresor de malas hierbas us\u00e1ndolo como acolchado.<\/li>\n<\/ul>\n\n\n\n<p><\/p>\n","protected":false},"excerpt":{"rendered":"<p>Con una concentraci\u00f3n en macronutrientes esenciales de 3,3% en Nitr\u00f3geno, 2,3% en F\u00f3sforo, 3,5% en Potasio, 3% en C\u00e1lcio y 1,15% en Magnesio, aplicando el compost&nbsp;Abono Vivo&nbsp;\u00ae,&nbsp;podemos reducir el aporte de fertilizantes qu\u00edmicos de un 15% a un 20%&nbsp;en suelos medios a equilibrados, unido al aporte de un&nbsp;70% de materia&#8230;<\/p>\n<p class=\"continue-reading-button\"> <a class=\"continue-reading-link\" href=\"https:\/\/abonovivo.com\/index.php\/productos\/\">Continue reading<i class=\"crycon-right-dir\"><\/i><\/a><\/p>\n","protected":false},"author":1,"featured_media":0,"parent":0,"menu_order":0,"comment_status":"closed","ping_status":"closed","template":"","meta":{"footnotes":""},"class_list":["post-85","page","type-page","status-publish","hentry"],"_links":{"self":[{"href":"https:\/\/abonovivo.com\/index.php\/wp-json\/wp\/v2\/pages\/85","targetHints":{"allow":["GET"]}}],"collection":[{"href":"https:\/\/abonovivo.com\/index.php\/wp-json\/wp\/v2\/pages"}],"about":[{"href":"https:\/\/abonovivo.com\/index.php\/wp-json\/wp\/v2\/types\/page"}],"author":[{"embeddable":true,"href":"https:\/\/abonovivo.com\/index.php\/wp-json\/wp\/v2\/users\/1"}],"replies":[{"embeddable":true,"href":"https:\/\/abonovivo.com\/index.php\/wp-json\/wp\/v2\/comments?post=85"}],"version-history":[{"count":18,"href":"https:\/\/abonovivo.com\/index.php\/wp-json\/wp\/v2\/pages\/85\/revisions"}],"predecessor-version":[{"id":285,"href":"https:\/\/abonovivo.com\/index.php\/wp-json\/wp\/v2\/pages\/85\/revisions\/285"}],"wp:attachment":[{"href":"https:\/\/abonovivo.com\/index.php\/wp-json\/wp\/v2\/media?parent=85"}],"curies":[{"name":"wp","href":"https:\/\/api.w.org\/{rel}","templated":true}]}}